. Let w = 376 - 322. Calculate the highest common factor of w and k.
6
Suppose 2 = -2*k + 2*v + 10, 3*k + 2*v = 7. Let x = k - 0. Suppose 5*o + 320 = 4*b, -x*b = 2*o - 0 - 263. Calculate the highest common divisor of b and 17.
17
Let v(h) be the first derivative of h**3/3 - h**2/2 + 3*h + 8. Let q be v(-6). What is the greatest common factor of 30 and q?
15
Let s(h) = h**3 + h**2 - 6*h + 19. Let k be s(2). Calculate the highest common factor of 779 and k.
19
Suppose -c + 2*u = -15, 4*u = -c + u + 5. Suppose -9*k = -c*k + 78. Suppose 3*n + 0*n - k = 0. Calculate the greatest common factor of n and 65.
13
Suppose -r - p = -175, 0 = -4*r - 6*p + 8*p + 730. Calculate the greatest common divisor of r and 48.
12
Suppose u + 3330 = 16*u. What is the highest common divisor of u and 6?
6
Let c(r) = 16*r + 71. Let p be c(-5). Let b(u) = u**2 + 10*u + 11. Let s be b(p). What is the highest common factor of 2 and s?
2
Let f be (-9)/(-1)*3/9. Suppose 861 = f*u + 4*u. What is the greatest common divisor of 41 and u?
41
Let p be (-280)/50 - 6/(-10). Let o be (16/4)/(p/(-10)). Calculate the highest common factor of 64 and o.
8
Let j = 11 + 4. Suppose 1 = 4*n - j. Let l = -13 - -19. Calculate the highest common factor of n and l.
2
Let r(n) = -22 + 0*n**3 - n + n**3 + 67 - 34 - 9*n**2. Let i be r(9). What is the highest common factor of 14 and i?
2
Let q(z) = z**2 + 5*z + 6. Let c be q(2). What is the greatest common divisor of 2060 and c?
20
Suppose 0*q + 2*t = -2*q + 106, -4*q - 3*t + 207 = 0. Suppose -5*w + 0*w - 4*d + 580 = 0, -4*d = -5*w + 620. Calculate the greatest common divisor of q and w.
24
Let k be 47/1 + (-2 - -4). Suppose 11*x - 12*x = -2. Suppose p - x = -5*r, 0 = -4*r - 4. Calculate the highest common divisor of k and p.
7
Let d = -28 + 47. Suppose 5*n + 9 = d. Let l = -1 + 2. What is the greatest common divisor of l and n?
1
Suppose 3141 = 6*n + 897. Let f = 405 - 371. Calculate the highest common factor of n and f.
34
Let o(m) = 2*m**3 + 13*m**2 - 9*m. Let w be o(-7). What is the highest common divisor of 63 and w?
7
Let b be (-26 + 43)/(0 - 1/(-3)). Let d = -15 + 32. Calculate the highest common divisor of d and b.
17
Let a be (-3)/(-1)*(-6136)/(-12). Suppose -5*c + 191 = -a. Suppose p = 3*o - 205, 3*o + 2*o - c = p. Calculate the highest common divisor of 10 and o.
10
Let v be ((-1)/(-2))/(28/224). Suppose 131 = v*r - 69. Suppose -x - 32 - 3 = -4*d, 2*d = -4*x + 40. Calculate the highest common divisor of r and d.
10
Suppose 0 = t - 4*q - 286, 2*t - 584 = -3*q + 7*q. Suppose 108 = -5*g + t. Calculate the greatest common divisor of 304 and g.
38
Suppose -30*k + 26107 = 4327. What is the greatest common factor of k and 132?
66
Let a(v) = 21*v - 5. Let y be a(1). Let h = 5 + 13. Suppose h = t - 14. Calculate the greatest common divisor of y and t.
16
Let z(s) = 43*s - 3. Let q be z(1). Calculate the highest common factor of q and 25.
5
Let m(b) = -9*b + 392. Let v be m(30). Calculate the highest common divisor of v and 4.
2
Let w be (-4)/(-4 - 32/(-10)). Suppose w*s = -4*m + 327, -4*s = -7*s + 4*m + 177. What is the highest common factor of 42 and s?
21
Suppose 0 = -54*b - 422 + 6146. Calculate the greatest common factor of b and 106.
106
Let p be 1/(2 - 35/15). Let b be (-15 - -69)*(-4)/p. What is the greatest common factor of 18 and b?
18
Let h(w) = 12*w + 305. Let a be h(-23). Calculate the highest common divisor of a and 725.
29
Let h(p) = -6*p + 49. Let n be h(6). Suppose -4 = -2*w + 4. Suppose -w*d + 83 + n = 0. Calculate the highest common divisor of 60 and d.
12
Let u(k) = -8*k + 4. Let b(x) = x + 9. Let z be b(-12). Let s be u(z). Suppose -12*g = -16*g + 1232. Calculate the greatest common factor of g and s.
28
Suppose 3*f - 52 = 14. Suppose 0 = -10*j - 52 + 72. What is the greatest common factor of f and j?
2
Suppose 0 = -4*t + 4*w + 1 + 27, 0 = w + 3. What is the greatest common factor of 6 and t?
2
Suppose 3*o = -3, 2*m + 2*m + 2*o = 66. Suppose -22*p - 130 = -m*p. Let h be ((-39)/p)/((-2)/(-16)). Calculate the highest common factor of 8 and h.
4
Let p(g) = g**3 + 9*g**2 - 6*g + 15. Let m be p(-9). Let n(y) = -y**3 + y**2 + 3*y - 4. Let f be n(-3). What is the greatest common divisor of f and m?
23
Let q be (-2)/4 - 1170/(-60). Calculate the highest common factor of 342 and q.
19
Suppose 14 - 29 = -5*x. Let g be (1 + -2)/((-1)/(x + 140)). What is the greatest common divisor of g and 13?
13
Suppose 6*l + 69 = 9*l - 3*c, -c = -2*l + 45. What is the highest common divisor of l and 220?
22
Let p(z) = z**3 + 6*z**2 - 9*z + 2. Let c be p(-7). Let f be c/8*4/2. Calculate the highest common factor of f and 12.
4
Let v = -10 - -10. Suppose 0*b - 3*b + 15 = v. Suppose 90 = -2*p + b*p. Calculate the greatest common factor of 6 and p.
6
Let q(t) = t**2 - 19*t + 11. Let f be q(21). Let h = f - 38. What is the greatest common divisor of h and 30?
15
Suppose 6*y + 9 = 9*y. Let p be (-230)/(-14) - y/7. Let n be 8 + (-9)/((-36)/p). Calculate the highest common factor of n and 96.
12
Suppose -63 = -3*b - 3*v, 0*b - 5*v + 85 = 4*b. Let j be (-44)/(-5) - 16/b. Calculate the greatest common factor of 4 and j.
4
Suppose 28*n - 1040 = 12*n. Calculate the greatest common factor of n and 351.
13
Suppose 116*y = 108*y + 120. Calculate the greatest common divisor of y and 45.
15
Suppose -8*t = -3*t + 5. Let d be (2/(-6))/(t/12). Suppose -4*k - 33 + 113 = 5*v, -d*k + 5*v + 80 = 0. What is the highest common factor of 30 and k?
10
Let w be 18/5 - (-2)/5. Let z = 7 + w. Let v = -46 - -123. Calculate the greatest common divisor of v and z.
11
Let z be (1 + 1)*185*(-3)/(-6). Suppose -6*k + 361 + z = 0. Suppose -3*p = n - 13, -4*p + 13 = n - 0*p. Calculate the highest common factor of n and k.
13
Let x(w) = -w**2 + 43*w - 178. Let v be x(34). Calculate the greatest common factor of 1088 and v.
64
Let k(u) = 4*u**2 - u + 1. Let o be k(1). Suppose 2*v - 9 = -v. Suppose l + v*i - 30 = 0, -i = -2*l - o*i + 51. Calculate the greatest common factor of 7 and l.
7
Let o(d) = 2*d**2 - 6*d + 4. Let b be o(4). Let x = -41 - -173. Calculate the highest common factor of x and b.
12
Suppose 4*z - 26 = 5*f + 59, z + 5 = -4*f. Suppose 811 = -8*r + 931. Calculate the highest common factor of r and z.
15
Suppose -4*a + 4 = 0, 4*p + 3*a = a + 3786. Calculate the greatest common divisor of p and 11.
11
Let w(c) = c**2 + c + 32. Let a be w(0). Suppose 464 = 61*y - 32*y. Calculate the highest common factor of a and y.
16
Let m be (-14)/(-3) + (-2)/3. Suppose 0*d - 26 = 3*a - 2*d, 4*a - 3*d + 33 = 0. Let z = a + 16. What is the greatest common divisor of z and m?
4
Let b = -4 + 22. Let a(k) = -19*k + 158. Let r be a(-4). What is the highest common factor of b and r?
18
Let n(g) = -137*g + 2. Let z be n(-3). Let k be (339 - 3)*(-6)/9. Let s = k + z. What is the highest common divisor of 27 and s?
27
Let o(w) = -539*w + 53. Let f be o(-1). Calculate the highest common divisor of f and 37.
37
Let s(d) = -2*d**3 - 8*d**2 + 1. Let w be s(-4). Calculate the greatest common factor of 4 and w.
1
Let v be ((-5)/10)/(4/(-9632)*4). Calculate the highest common factor of v and 7.
7
Let h(n) = 2*n**2 - 4*n + 54. Let q be h(0). Let p be 8/1 + 8/(-4). What is the highest common factor of p and q?
6
Let w = 26 + -26. Let p = 4 - 1. Suppose -y - 2*b = -228, 5*y - p*b + 4*b - 1158 = w. What is the highest common divisor of 29 and y?
29
Suppose 15 = -q + 6*q + 4*r, r = 0. Suppose q*d + 3*l = -2*l + 12, -4*d + 16 = 5*l. Calculate the highest common divisor of 52 and d.
4
Let k be (-12)/(-8)*2 + 44 + 3. Let v = -49 + k. Calculate the greatest common divisor of 9 and v.
1
Suppose 2*q + 4*o = -4, -3*o + 8*o + 20 = 0. Suppose 12 = 2*z - q*z, 5*b - 5*z = 185. Calculate the highest common factor of 17 and b.
17
Let p(u) = -5*u + 17. Let b be p(-3). Suppose 0*d = -d - w - 3, -5*d = w + 19. Let t be (3 - (1 + 90))*d. What is the greatest common divisor of b and t?
32
Suppose 383 - 3263 = -4*l. Suppose 50*d - l = 44*d. Calculate the highest common factor of 15 and d.
15
Let n = 18 + -16. Suppose -n*c + 36 = 2*c. Calculate the greatest common divisor of c and 63.
9
Let z(c) = -c**2 - 52*c - 95. Let v be z(-45). Let r(k) = k**2 - k. Let i be r(-4). Calculate the greatest common factor of i and v.
20
Let g(c) = 2